{"id":11641,"date":"2018-11-13T12:47:12","date_gmt":"2018-11-13T11:47:12","guid":{"rendered":"https:\/\/www.nikelshop.it\/prodotto\/sedia-delfina-design-enzo-mari\/"},"modified":"2022-09-23T23:15:47","modified_gmt":"2022-09-23T21:15:47","slug":"chaise-delfina-design-enzo-mari","status":"publish","type":"product","link":"https:\/\/www.nikelshop.it\/fr\/prodotto\/chaise-delfina-design-enzo-mari\/","title":{"rendered":"Chaise Delfina design Enzo Mari"},"content":{"rendered":"<p>DELFINA est une belle chaise con\u00e7ue par Enzo Mari et produite par Rexite<\/p>\n<p>Compos\u00e9 d&#8217;une structure en tiges d&#8217;acier chrom\u00e9 et d&#8217;un rev\u00eatement en tissu facilement d\u00e9montable gr\u00e2ce \u00e0 des charni\u00e8res tr\u00e8s r\u00e9sistantes.<\/p>\n<p>Delfina est empilable, jusqu&#8217;\u00e0 12 pi\u00e8ces<\/p>\n<p>Dimensions: 48 x 57 cm, hauteur 79 cm (assise h 47 cm)<\/p>\n<p>Poids Kg 4,8<\/p>\n<p>TISSU: Kvadrat\u00ae (dans les couleurs ivoire, rouge, noir, mustard)<\/p>\n<p>Achat minimum 2 pi\u00e8ces<\/p>\n<p>Un couvercle de rechange est \u00e9galement disponible, comprenant le si\u00e8ge et le dos toujours dans le m\u00eame mat\u00e9riau Kvadrat\u00ae<\/p>\n<p>D\u00e9lai de livraison environ 2 semaines<\/p>\n<p>Pour plus d&#8217;informations, appelez le 0532-767200<\/p>\n<p><a href=\"http:\/\/www.nikelshop.it\/wp-content\/uploads\/2018\/11\/588_Istruzioni-Delfina.pdf\"><strong>Istruzioni di montaggio sedia Delfina<\/strong><\/a><\/p>\n","protected":false},"excerpt":{"rendered":"<p><span style=\"color: #000000\">ACCESSOIRES DE MEUBLE: Chaise Delfina design Enzo Mari<\/span><\/p>\n<p><span style=\"color: #000000\">Vous pouvez acheter la chaise compl\u00e8te<\/span><\/p>\n<p><span style=\"color: #000000\">ou juste le kit de rechange (assise et dos)<\/span><\/p>\n<p>&nbsp;<\/p>\n","protected":false},"featured_media":11642,"template":"","meta":[],"product_cat":[360],"product_tag":[],"class_list":["post-11641","product","type-product","status-publish","has-post-thumbnail","hentry","product_cat-accessoires-dameublement","pa_colore-ricambio-kvadrat-avorio-fr","pa_colore-ricambio-kvadrat-nero-fr","pa_colore-ricambio-kvadrat-rosso-fr","pa_colore-tessuto-kvadrat-avorio-fr","pa_colore-tessuto-kvadrat-nero-fr","pa_colore-tessuto-kvadrat-rosso-fr","yith_product_brand-rexite-fr","tm-no-options"],"_links":{"self":[{"href":"https:\/\/www.nikelshop.it\/fr\/wp-json\/wp\/v2\/product\/11641"}],"collection":[{"href":"https:\/\/www.nikelshop.it\/fr\/wp-json\/wp\/v2\/product"}],"about":[{"href":"https:\/\/www.nikelshop.it\/fr\/wp-json\/wp\/v2\/types\/product"}],"wp:featuredmedia":[{"embeddable":true,"href":"https:\/\/www.nikelshop.it\/fr\/wp-json\/wp\/v2\/media\/11642"}],"wp:attachment":[{"href":"https:\/\/www.nikelshop.it\/fr\/wp-json\/wp\/v2\/media?parent=11641"}],"wp:term":[{"taxonomy":"product_cat","embeddable":true,"href":"https:\/\/www.nikelshop.it\/fr\/wp-json\/wp\/v2\/product_cat?post=11641"},{"taxonomy":"product_tag","embeddable":true,"href":"https:\/\/www.nikelshop.it\/fr\/wp-json\/wp\/v2\/product_tag?post=11641"}],"curies":[{"name":"wp","href":"https:\/\/api.w.org\/{rel}","templated":true}]}}

<p>DELFINA est une belle chaise conçue par Enzo Mari et produite par Rexite</p>
<p>Composé d&#8217;une structure en tiges d&#8217;acier chromé et d&#8217;un revêtement en tissu facilement démontable grâce à des charnières très résistantes.</p>
<p>Delfina est empilable, jusqu&#8217;à 12 pièces</p>
<p>Dimensions: 48 x 57 cm, hauteur 79 cm (assise h 47 cm)</p>
<p>Poids Kg 4,8</p>
<p>TISSU: Kvadrat® (dans les couleurs ivoire, rouge, noir, mustard)</p>
<p>Achat minimum 2 pièces</p>
<p>Un couvercle de rechange est également disponible, comprenant le siège et le dos toujours dans le même matériau Kvadrat®</p>
<p>Délai de livraison environ 2 semaines</p>
<p>Pour plus d&#8217;informations, appelez le 0532-767200</p>
<p><a href="http://www.nikelshop.it/wp-content/uploads/2018/11/588_Istruzioni-Delfina.pdf"><strong>Istruzioni di montaggio sedia Delfina</strong></a></p>

<p><span style="color: #000000">ACCESSOIRES DE MEUBLE: Chaise Delfina design Enzo Mari</span></p>
<p><span style="color: #000000">Vous pouvez acheter la chaise complète</span></p>
<p><span style="color: #000000">ou juste le kit de rechange (assise et dos)</span></p>
<p>&nbsp;</p>
